mon divisor of i and 64?
16
Let p = -36 + 50. Suppose -11*u = -121 - 33. Calculate the greatest common divisor of u and p.
14
Suppose -5*w + a + 41 = 0, -3*w + 6*a + 15 = 3*a. Let f(c) = 8*c**2 - 3*c. Let z be f(-3). Calculate the highest common divisor of z and w.
9
Let m = 29 + -22. What is the greatest common factor of 35 and m?
7
Suppose -10*k + 13*k - 135 = 0. Calculate the greatest common factor of 9 and k.
9
Let k be (-4)/(-22) - 3070/(-55). Calculate the highest common divisor of 7 and k.
7
Suppose 5*u - 3*w + 4*w - 15 = 0, 2*u + 3*w + 7 = 0. Calculate the greatest common divisor of 40 and u.
4
Let a = 57 + -21. Calculate the greatest common divisor of a and 24.
12
Let k(q) = -q**3 - 6*q**2 - 7*q - 2. Let v be k(-5). Suppose 6 = -3*x, 4*d = 6*x - 2*x + 256. Let b = -42 + d. What is the greatest common divisor of v and b?
4
Suppose 0 = -3*p + 2*s + 144, 0*p - 5*s = -p + 35. Calculate the highest common factor of 10 and p.
10
Suppose -3*n - 25 = -2*d - 0*n, -5*d + 31 = 3*n. Calculate the highest common factor of 80 and d.
8
Let t = 1 + 3. Suppose 12 = -d - 3*n, d = t*d - 3*n - 24. Calculate the greatest common divisor of 6 and d.
3
Suppose 17*m - 13*m = 132. Calculate the greatest common factor of 11 and m.
11
Suppose 11*s - 168 = 7*s. Calculate the greatest common factor of 6 and s.
6
Suppose i - 20 = -i. What is the highest common divisor of i and 10?
10
Let o(r) be the first derivative of r**3 + r + 2. Let l be o(-1). Suppose -l*p = p - 665. Calculate the highest common divisor of 19 and p.
19
Suppose -5*k - 3*p = -290, -2*k = -0*k + 3*p - 125. Let n be 1*-15*2/(-6). Calculate the highest common divisor of k and n.
5
Suppose 0 = -4*c - 5*u + 76, -15*u + 6 = c - 17*u. Let h(m) = m**2 - m - 6. Let l be h(5). Calculate the highest common factor of l and c.
14
Let t = -5 - -8. Let g = -10 + 14. Suppose -g - 2 = -2*s. What is the greatest common factor of s and t?
3
Let k = -342 + 360. Suppose -w - 2*w = 0. Suppose w = 5*j - 37 - 98. Calculate the highest common factor of j and k.
9
Let b(g) = 3*g - 4. Let r be b(4). What is the greatest common factor of 4 and r?
4
Let c be (4/8)/((-3)/(-180)). Calculate the highest common factor of c and 240.
30
Suppose -3*s = -2*s - 3. Suppose -4*q + 0*f + 8 = 2*f, s*q - 2*f - 20 = 0. What is the greatest common factor of 4 and q?
4
Let c be (-1)/(4/(1*-8)). Suppose -2*j = j + c*q - 55, 2*j - 40 = -2*q. Suppose 3*s - s - 330 = 0. What is the greatest common factor of j and s?
15
Let t(j) = j + 14. Let r be t(-8). Calculate the greatest common divisor of r and 54.
6
Let p(m) = -19*m - 18. Let n be p(-5). Calculate the greatest common divisor of 11 and n.
11
Suppose -4*h + 15 = -3*a - 8, 5*h = -a + 24. What is the highest common factor of h and 15?
5
Suppose -5*g - 1 = -11. Suppose 0 = 4*h - 6*h - 20. Let y = 8 - h. Calculate the greatest common factor of g and y.
2
Let k(p) = p + 1. Let w be k(7). Let m = w - 2. Calculate the greatest common factor of 15 and m.
3
Suppose 0 = n - 5*v + 3 - 35, 4 = -v. Suppose 0 = 2*b + 3*b - 255. Suppose -21 = -2*x + b. What is the highest common divisor of n and x?
12
Let n(a) = -16*a**3 - 3*a**2 + 1. Let v be n(-2). What is the greatest common divisor of v and 13?
13
Let m be 40/70 - 115/(-7). Calculate the greatest common factor of 119 and m.
17
Suppose r + 20 = 3*r. What is the greatest common factor of 35 and r?
5
Let m = -32 - -56. Calculate the greatest common divisor of m and 120.
24
Suppose 52 + 1 = 4*l + w, -4*l + w + 43 = 0. What is the greatest common divisor of 36 and l?
12
Let i = 18 + -13. Calculate the greatest common divisor of 25 and i.
5
Let c be (-2)/(2/(-83) - 0). Suppose 5*d = 4*x - 395, -3*x - 2*d + 219 = -c. Calculate the greatest common factor of x and 20.
20
Suppose 2*j = 3 + 1. Suppose -j*h - n = -4*n - 29, -h - n = -17. Let v = 19 - -5. Calculate the greatest common divisor of h and v.
8
Suppose 0*a = -3*a + 5*j + 81, 3*j = 3*a - 87. Suppose 11 + 37 = u. Calculate the greatest common factor of u and a.
16
Let q(c) = c**3 - 15*c**2 + 28*c - 15. Let b be q(13). Let l be 109/5 - 1/(-5). Calculate the highest common factor of l and b.
11
Let a = -7 - -11. Suppose 0 = -g - 2*f + 1, -3*f + a - 13 = -2*g. Let o(c) = 12*c**2 + 2*c + 3. Let b be o(g). Calculate the greatest common factor of 13 and b.
13
Let c = 195 - 132. Calculate the greatest common divisor of 9 and c.
9
Let j = -8 - 0. Let q be (-243)/(-12) - (-2)/j. Let l = -5 + 9. Calculate the greatest common divisor of q and l.
4
Let l be (-83 + 0)*-2 - 3. Let g = -100 + l. What is the highest common divisor of g and 9?
9
Let n(d) = d**2 + 10*d - 6. Let c be n(-11). Suppose 2*q - q = -5*v + 5, -4*v - 83 = -c*q. Calculate the highest common factor of 105 and q.
15
Suppose -7*l = -9*l + 2. Calculate the highest common divisor of 2 and l.
1
Let g = -160 - -55. Suppose 150 = v - 30. Let z = g + v. What is the greatest common divisor of 30 and z?
15
Let x be ((-9)/6)/((-18)/456). Calculate the highest common divisor of x and 190.
38
Suppose 2 = y, 3*c - 2*y - 2*y - 37 = 0. Let h(s) = s - 2. Let g be h(6). Suppose 56 = g*i + 16. What is the highest common divisor of c and i?
5
Let u(k) = k**2 - k - 1. Let c be u(0). Let v be 10*(1/(-2) - c). What is the highest common factor of 55 and v?
5
Let a be ((-1)/2)/((-2)/(-20)). Let y = -5 - a. Suppose f = -y*f + 10. What is the greatest common factor of f and 100?
10
Suppose -4*n + 2 = 2*m, 2*n + 7 = -2*m + 3. Suppose 5*q - 819 = -3*o, -n*o + 6*o + 315 = 2*q. Calculate the highest common factor of q and 18.
18
Let b = -40 + 187. Calculate the highest common factor of b and 21.
21
Suppose 4*y - 72 = -r, -4*r = -9*r + 2*y + 294. What is the greatest common divisor of 30 and r?
30
Let m(w) = w**2 - 4*w - 7. Suppose -5*v = 5*t - 50, 0*v + 5*v - 26 = t. Let r be m(v). Calculate the highest common divisor of r and 5.
5
Let y(b) = -44*b + 1. Let m be 0 - (0 + 2) - -1. Let k be y(m). Let v be (1 + -2)*1 - -6. Calculate the highest common divisor of k and v.
5
Suppose 0 = 2*u - 5 + 19. Let v(q) = -10*q + 1. Let x be v(-1). Let c = u + x. Calculate the greatest common divisor of 4 and c.
4
Let d(a) = a**3 + 2*a**2 - 2*a + 5. Let m be d(5). What is the greatest common factor of 68 and m?
34
Let h = -108 + 207. Calculate the greatest common factor of 9 and h.
9
Suppose 0 = -4*l - 2*x + 108, 2*x + 50 = 2*l + 8. Let a = l + -13. What is the greatest common divisor of a and 12?
12
Let o be (1/2 + 1)*10. Let z = -2 + 5. Let n be (z - (-8)/(-2)) + 31. Calculate the highest common divisor of n and o.
15
Suppose -a + 8 = 3*a. Let i be (5 + -1)/a*1. Calculate the highest common divisor of 3 and i.
1
Let u = 26 - 15. Let k(o) = -o**3 + 12*o**2 - 9*o + 11. Let g be k(10). Calculate the greatest common factor of u and g.
11
Suppose 0 = -o - 0*o - 107. Let y = o + 72. Let v be (-30)/4*28/y. What is the greatest common divisor of v and 66?
6
Suppose 0*d + 100 = 5*d. Calculate the greatest common divisor of 20 and d.
20
Suppose 0 = 2*q + 3 - 13. Suppose -5*i + 15 = -q. Suppose 7*m = i*m + 252. Calculate the greatest common factor of m and 14.
14
Suppose 0 = -3*s - 4*p + 2*p + 212, 2*p = 2*s - 158. Suppose -2*z + 168 = -s. Calculate the highest common divisor of z and 11.
11
Suppose h + 2*h - 44 = -q, q + 76 = 5*h. What is the highest common factor of h and 120?
15
Let a(f) = -f**2 + 4*f - 2. Let m be a(4). Let s be (-70)/m*(-4)/(-10). Let i be ((-210)/25)/(2/(-5)). Calculate the highest common factor of s and i.
7
Suppose 2*x - 252 = -u, -2*x + 4*u = -5*x + 378. Let y be 15 + (1 - 2 - 0). Calculate the greatest common divisor of y and x.
14
Suppose -3*v - 2*v = 5*w - 5, 11 = -v - 4*w. Calculate the greatest common divisor of v and 25.
5
Suppose 0 = -d - 67 + 81. What is the highest common divisor of d and 56?
14
Let z = 232 + 21. Calculate the highest common divisor of 23 and z.
23
Suppose -4*s + 0*s = -k - 36, s - 2*k = 2. Calculate the highest common divisor of s and 190.
10
Suppose 0 = -5*g, -360 = -5*i - 4*g + 2*g. What is the greatest common divisor of 9 and i?
9
Let b(d) = -8*d - 3. Let u(s) = -s**2 - s. Let i be u(1). Let n be b(i). Suppose 2*a - n = 3. What is the highest common divisor of 32 and a?
8
Suppose 0*i + 5*m - 33 = -4*i, 5*m - 25 = 0. Suppose -223 - 107 = -i*d. 